43 (base 8) to base 12.
9442b
dca9d (base 15) to base 8
2531137
Convert b4b3 (base 14) to base 5.
1444000
Convert -11477406 (base 8) to base 5.
-1121213021
-18b70 (base 12) to base 8
-106604
30102505 (base 7) to base 15
342467
11403 (base 13) to base 14
b657
Convert 58d04 (base 15) to base 10.
283054
What is -7651514 (base 8) in base 6?
-112000204
1231216 (base 9) to base 13
1a6034
Convert -410341310 (base 5) to base 12.
-678515
Convert -2440644 (base 7) to base 12.
-1309a0
65b41 (base 12) to base 16
20e21
Convert -441113 (base 7) to base 15.
-17d3e
946 (base 13) to base 2
11000101011
Convert -81249 (base 13) to base 14.
-60300
12202210012 (base 3) to base 5
12113232
Convert -11001000101101001111010 (base 2) to base 5.
-3140424022
142232134 (base 5) to base 11
468088
30023123310 (base 4) to base 13
87a1bb
What is 1bdb23 (base 16) in base 3?
10102202012202
Convert 6685ba (base 12) to base 16.
18e75e
Convert 20113331313 (base 4) to base 5.
1030222234
Convert -75757 (base 10) to base 5.
-4411012
102021323 (base 4) to base 13
27b03
What is 187b4 (base 12) in base 5?
2120304
What is -22545663 (base 8) in base 15?
-66c5c6
Convert -1346400 (base 7) to base 13.
-63b88
What is 1312123 (base 4) in base 16?
1d9b
Convert -404a (base 15) to base 11.
-a217
Convert 90e10 (base 16) to base 3.
1010011000200
362b81 (base 15) to base 12
a4b671
Convert 272466 (base 9) to base 10.
165867
1bc5 (base 16) to base 9
10668
Convert 1b8707 (base 14) to base 4.
3300022303
Convert 1022130313 (base 4) to base 16.
4a737
Convert -445355 (base 6) to base 2.
-1001001010000111
2310143341 (base 5) to base 15
6be8b6
Convert 170940 (base 10) to base 5.
20432230
What is 586578 (base 9) in base 7?
2665640
62dc73 (base 15) to base 9
8758830
-1123545302 (base 6) to base 16
-bec586
What is 371102 (base 8) in base 14?
346b0
What is -1010110011001100101 (base 2) in base 9?
-588404
What is -11002012112202 (base 3) in base 14?
-40672d
-1c7853 (base 16) to base 14
-367d63
What is -171377 (base 9) in base 6?
-2134454
What is -1040510131 (base 6) in base 15?
-ebea31
-a32a3 (base 11) to base 2
-100100110011100110
What is 3689046 (base 10) in base 8?
16045126
What is 6917778 (base 11) in base 10?
12103715
Convert 371764 (base 15) to base 12.
a72434
-24167 (base 12) to base 8
-136737
Convert 33132131 (base 4) to base 11.
43697
What is 11748 (base 11) in base 8?
40747
What is 8422 (base 16) in base 12?
176aa
What is -1633821 (base 9) in base 15?
-12e1b7
30121200 (base 5) to base 8
722515
What is 15be8 (base 16) in base 4?
111233220
55946 (base 12) to base 5
12114140
What is 14ad52 (base 15) in base 12?
401aab
-2303033101 (base 4) to base 3
-1101022002011
65138 (base 11) to base 3
11210212001
-201200222022 (base 3) to base 5
-44402214
9234c (base 13) to base 2
111111111101111110
Convert 66361253 (base 7) to base 13.
125016b
What is -235350541 (base 6) in base 15?
-5d228d
Convert -2113232201 (base 4) to base 2.
-10010111101110100001
What is -279a74 (base 13) in base 9?
-1728410
Convert -212120123 (base 5) to base 10.
-895038
What is -11000000100111000 (base 2) in base 10?
-98616
Convert -39380a (base 14) to base 11.
-11253a4
Convert 1253713 (base 8) to base 10.
350155
Convert -6500605 (base 7) to base 16.
-c0ed4
Convert 2157b (base 12) to base 7.
242216
241c6 (base 16) to base 3
21111220011
73576 (base 8) to base 9
45858
-10201011212 (base 3) to base 2
-10001110101000111
Convert 1282496 (base 13) to base 5.
2441144301
Convert 302303202 (base 4) to base 13.
73947
Convert 1010100000101000 (base 2) to base 12.
20ab4
Convert 2080154 (base 9) to base 10.
1115500
11001211021 (base 3) to base 4
103202332
Convert -120102212112102 (base 3) to base 2.
-11111010011001111100100
What is -1489 (base 15) in base 13?
-200a
Convert 21a23 (base 15) to base 10.
106908
What is -351134 (base 9) in base 15?
-426cd
What is 5455512 (base 7) in base 14?
135d79
Convert a1a5 (base 11) to base 3.
200120201
Convert -31011323333 (base 4) to base 3.
-20110101002012
Convert -45a450 (base 11) to base 2.
-10110010100001111010
What is -86713 (base 11) in base 6?
-2411115
-37297a (base 11) to base 15
-b99d8
Convert 20021301033 (base 4) to base 2.
1000001001110001001111
224221 (base 10) to base 4
312233131
Convert -14555 (base 14) to base 12.
-2523b
Convert -20402141 (base 6) to base 15.
-ba3b4
Convert 30210213 (base 4) to base 8.
144447
What is -110120311 (base 4) in base 3?
-11020112221
Convert -204b73 (base 12) to base 6.
-14503423
What is 1949701 (base 13) in base 9?
16555414
What is 51019 (base 10) in base 5?
3113034
Convert e825d (base 15) to base 9.
1341887
Convert 263335 (base 13) to base 11.
57a039
-1000100101110101010001 (base 2) to base 14
-428a53
4012030 (base 7) to base 3
220001210121
a71a38 (base 14) to base 11
32103a7
Convert -7aa577 (base 15) to base 12.
-1b6547a
What is 458dc (base 15) in base 7?
1611300
What is -590199 (base 11) in base 7?
-10652342
What is -30342130 (base 6) in base 12?
-35a946
What is -1272b8 (base 13) in base 7?
-3530200
12650144 (base 8) to base 7
33061612
-8334622 (base 9) to base 2
-10000111110110111000100
What is 1d4959 (base 16) in base 2?
111010100100101011001
223525033 (base 7) to base 8
63751763
What is 5472ab (base 12) in base 13?
37b998
Convert 1d4be (base 16) to base 11.
8217a
Convert 11344124423 (base 5) to base 6.
1152234005
What is 200364 (base 11) in base 14?
85783
What is 114cda (base 15) in base 12?
33a2b1
Convert 34401565 (base 7) to base 13.
814834
Convert 312132323022 (base 4) to base 9.
28777740
Convert -160603364 (base 7) to base 10.
-10808123
-115695a (base 11) to base 14
-3a6457
What is -1230420052 (base 6) in base 14?
-1c87280
10101222001212 (base 3) to base 12
733665
327635 (base 9) to base 2
101111110100110010
Convert 3162534 (base 9) to base 8.
6355650
What is -359231 (base 15) in base 16?
-271849
What is -cb496d (base 14) in base 8?
-32217525
3113410142 (base 5) to base 4
120113213030
Convert -101102112002 (base 3) to base 10.
-205229
-52032660 (base 8) to base 16
-a835b0
What is -1101000010000111001 (base 2) in base 4?
-1220100321
What is 1be95c (base 16) in base 2?
110111110100101011100
-115162 (base 7) to base 13
-9748
What is 17a168 (base 11) in base 9?
462025
What is -250a832 (base 14) in base 10?
-17777244
-11533555 (base 6) to base 4
-1122120233
What is -29ba1a (base 13) in base 10?
-1025515
250364 (base 12) to base 8
2227374
What is -2610521 (base 7) in base 14?
-8b681
-4028926 (base 11) to base 7
-114403163
Convert 100320223000 (base 4) to base 15.
5c6807
Convert -230234001 (base 5) to base 12.
-4148a3
What is 170550 (base 9) in base 14?
2a5c6
-25687 (base 11) to base 10
-36758
What is 1147052 (base 8) in base 16?
4ce2a
What is e3f78 (base 16) in base 4?
3203331320
What is -28c54 (base 13) in base 4?
-102233323
What is -743231 (base 8) in base 4?
-330122121
Convert -21001110002 (base 3) to base 14.
-3884c
What is 192bd (base 15) in base 14?
21a68
What is 158171 (base 10) in base 8?
464733
256857 (base 9) to base 8
460511
Convert 421117 (base 8) to base 10.
139855
Convert 4960492 (base 10) to base 13.
1048b04
17a1446 (base 12) to base 14
927566
40855a (base 12) to base 10
1009942
-318a1 (base 15) to base 3
-21222122021
-291204 (base 10) to base 3
-112210110100
1515244524 (base 6) to base 2
1001000100001010011100100
5a7b7 (base 12) to base 4
131303323
111021211002121 (base 3) to base 4
122330101132
What is -554b2 (base 14) in base 11?
-131366
Convert -1100001111000111110010 (base 2) to base 4.
-30033013302
Convert 2022222220200 (base 3) to base 10.
1239966
Convert -263059 (base 12) to base 3.
-1011212112120
What is -1400124 (base 6) in base 10?
-77812
What is 161450 (base 14) in base 13?
210474
202583 (base 11) to base 2
1001111011101010100
Convert -14133404 (base 6) to base 9.
-810074
Convert c868a (base 14) to base 10.
484242
What is 12000613 (base 7) in base 12?
430b21
1656a2 (base 13) to base 16
87726
-101ed0 (base 15) to base 14
-15d291
Convert -24303341 (base 5) to base 10.
-228596
232342401 (base 5) to base 9
1883728
Convert 70bec (base 15) to base 5.
42411242
Convert -122403531 (base 6) to base 16.
-24154f
Convert -12330401 (base 10) to base 9.
-25173115
150453 (base 8) to base 7
312054
Convert -b8191d (base 15) to base 16.
-85b8a1
Convert -98478 (ba